f 1122?
2, 3, 11, 17
List the prime factors of 2287.
2287
List the prime factors of 20283.
3, 6761
List the prime factors of 925.
5, 37
What are the prime factors of 3252?
2, 3, 271
What are the prime factors of 1513?
17, 89
List the prime factors of 1460.
2, 5, 73
List the prime factors of 2845.
5, 569
What are the prime factors of 15245?
5, 3049
List the prime factors of 5254.
2, 37, 71
List the prime factors of 56.
2, 7
What are the prime factors of 1994?
2, 997
What are the prime factors of 4466?
2, 7, 11, 29
List the prime factors of 11857.
71, 167
What are the prime factors of 3253?
3253
List the prime factors of 3208.
2, 401
List the prime factors of 2841.
3, 947
What are the prime factors of 828?
2, 3, 23
What are the prime factors of 29275?
5, 1171
What are the prime factors of 1457?
31, 47
List the prime factors of 96116.
2, 24029
List the prime factors of 5151.
3, 17, 101
List the prime factors of 156536.
2, 17, 1151
List the prime factors of 961.
31
What are the prime factors of 848?
2, 53
What are the prime factors of 2809?
53
List the prime factors of 81169.
11, 47, 157
What are the prime factors of 1443?
3, 13, 37
What are the prime factors of 6331?
13, 487
What are the prime factors of 25055?
5, 5011
What are the prime factors of 1601?
1601
What are the prime factors of 9829?
9829
What are the prime factors of 964?
2, 241
List the prime factors of 2946.
2, 3, 491
List the prime factors of 947.
947
List the prime factors of 776.
2, 97
What are the prime factors of 13956?
2, 3, 1163
List the prime factors of 22204.
2, 7, 13, 61
What are the prime factors of 2761?
11, 251
What are the prime factors of 14953?
19, 787
What are the prime factors of 3322?
2, 11, 151
List the prime factors of 30168.
2, 3, 419
What are the prime factors of 1212?
2, 3, 101
What are the prime factors of 1500?
2, 3, 5
What are the prime factors of 2624?
2, 41
What are the prime factors of 24121?
24121
What are the prime factors of 7669?
7669
What are the prime factors of 11578?
2, 7, 827
What are the prime factors of 19642?
2, 7, 23, 61
What are the prime factors of 724?
2, 181
What are the prime factors of 2656?
2, 83
List the prime factors of 1809.
3, 67
List the prime factors of 439.
439
What are the prime factors of 1102?
2, 19, 29
List the prime factors of 6.
2, 3
List the prime factors of 33151.
33151
What are the prime factors of 30767?
11, 2797
List the prime factors of 1623.
3, 541
What are the prime factors of 27914?
2, 17, 821
List the prime factors of 2020.
2, 5, 101
What are the prime factors of 54883?
71, 773
List the prime factors of 4791.
3, 1597
What are the prime factors of 99698?
2, 79, 631
List the prime factors of 2809.
53
List the prime factors of 9976.
2, 29, 43
List the prime factors of 132679.
132679
What are the prime factors of 5582?
2, 2791
List the prime factors of 658.
2, 7, 47
List the prime factors of 1688.
2, 211
What are the prime factors of 5626?
2, 29, 97
What are the prime factors of 457?
457
List the prime factors of 9637.
23, 419
What are the prime factors of 2631?
3, 877
What are the prime factors of 4205?
5, 29
List the prime factors of 47803.
7, 6829
What are the prime factors of 57?
3, 19
List the prime factors of 1043.
7, 149
What are the prime factors of 5241?
3, 1747
What are the prime factors of 3007?
31, 97
List the prime factors of 1295.
5, 7, 37
What are the prime factors of 8640?
2, 3, 5
List the prime factors of 23386.
2, 11, 1063
What are the prime factors of 2900?
2, 5, 29
List the prime factors of 126907.
11, 83, 139
What are the prime factors of 12792?
2, 3, 13, 41
List the prime factors of 8266.
2, 4133
List the prime factors of 38690.
2, 5, 53, 73
What are the prime factors of 14341?
14341
List the prime factors of 33.
3, 11
What are the prime factors of 24769?
17, 31, 47
List the prime factors of 26807.
11, 2437
List the prime factors of 51335.
5, 10267
List the prime factors of 90296.
2, 11287
List the prime factors of 9412.
2, 13, 181
List the prime factors of 9406.
2, 4703
List the prime factors of 373.
373
What are the prime factors of 42534?
2, 3, 17, 139
What are the prime factors of 921?
3, 307
What are the prime factors of 909?
3, 101
List the prime factors of 63146.
2, 31573
What are the prime factors of 6652?
2, 1663
What are the prime factors of 58066?
2, 29033
What are the prime factors of 6897?
3, 11, 19
List the prime factors of 11602.
2, 5801
List the prime factors of 5483.
5483
What are the prime factors of 1620?
2, 3, 5
What are the prime factors of 828?
2, 3, 23
What are the prime factors of 5493?
3, 1831
List the prime factors of 1281.
3, 7, 61
What are the prime factors of 1783?
1783
List the prime factors of 881.
881
What are the prime factors of 33478?
2, 19, 881
List the prime factors of 311.
311
List the prime factors of 5708.
2, 1427
List the prime factors of 2873.
13, 17
List the prime factors of 1224.
2, 3, 17
List the prime factors of 220.
2, 5, 11
List the prime factors of 520.
2, 5, 13
What are the prime factors of 429?
3, 11, 13
What are the prime factors of 28933?
28933
What are the prime factors of 34809?
3, 41, 283
List the prime factors of 3120.
2, 3, 5, 13
List the prime factors of 12057.
3, 4019
List the prime factors of 1876.
2, 7, 67
List the prime factors of 7905.
3, 5, 17, 31
List the prime factors of 66271.
66271
List the prime factors of 17606.
2, 8803
List the prime factors of 22897.
7, 3271
What are the prime factors of 137006?
2, 61, 1123
List the prime factors of 62062.
2, 7, 11, 13, 31
List the prime factors of 45449.
47, 967
List the prime factors of 37137.
3, 12379
List the prime factors of 16793.
7, 2399
What are the prime factors of 4261?
4261
What are the prime factors of 542?
2, 271
What are the prime factors of 123949?
7, 17707
What are the prime factors of 2630?
2, 5, 263
List the prime factors of 17013.
3, 53, 107
List the prime factors of 567.
3, 7
What are the prime factors of 111?
3, 37
What are the prime factors of 4404?
2, 3, 367
What are the prime factors of 28400?
2, 5, 71
List the prime factors of 5254.
2, 37, 71
List the prime factors of 2916.
2, 3
What are the prime factors of 23198?
2, 7, 1657
What are the prime factors of 3008?
2, 47
List the prime factors of 4173.
3, 13, 107
What are the prime factors of 10352?
2, 647
List the prime factors of 1847.
1847
List the prime factors of 2456.
2, 307
List the prime factors of 19902.
2, 3, 31, 107
List the prime factors of 14236.
2, 3559
List the prime factors of 24323.
13, 1871
What are the prime factors of 479?
479
What are the prime factors of 10511?
23, 457
List the prime factors of 2625.
3, 5, 7
List the prime factors of 26051.
109, 239
List the prime factors of 179.
179
List the prime factors of 118.
2, 59
List the prime factors of 99610.
2, 5, 7, 1423
What are the prime factors of 14?
2, 7
List the prime factors of 24644.
2, 61, 101
List the prime factors of 27122.
2, 71, 191
List the prime factors of 44106.
2, 3, 7351
List the prime factors of 17678.
2, 8839
What are the prime factors of 886?
2, 443
What are the prime factors of 2194?
2, 1097
What are the prime factors of 2409?
3, 11, 73
What are the prime factors of 32511?
3, 10837
What are the prime factors of 19236?
2, 3, 7, 229
List the prime factors of 19132.
2, 4783
List the prime factors of 564.
2, 3, 47
What are the prime factors of 13941?
3, 1549
What are the prime factors of 10382?
2, 29, 179
List the prime factors of 17532.
2, 3, 487
What are the prime factors of 964?
2, 241
What are the prime factors of 75639?
3, 19, 1327
What are the prime factors of 54482?
2, 27241
What are the prime factors of 43821?
3, 541
List the prime factors of 2106.
2, 3, 13
What are the prime factors of 947?
947
List the prime factors of 570.
2, 3, 5, 19
What are the prime factors of 1950?
2, 3, 5, 13
What are the prime factors of 697?
17, 41
What are the prime factors of 1065?
3, 5, 71
List the prime factors of 7791.
3, 7, 53
What are the prime factors of 4285?
5, 857
List the prime factors of 776.
2, 97
What are the prime factors of 29431?
19, 1549
List the prime factors of 60880.
2, 5, 761
List the prime factors of 1139.
17, 67
List the prime factors of 226.
2, 113
List the prime factors of 63945.
3, 5, 7, 29
What are the prime factor